5) + -1 + 6?
5
What is (5 - (0 - -1)) + (1 - 4)?
1
-11 - (5 + -13 - 2)
-1
What is 5 - (7 - (-10 + 11))?
-1
2 - (-8 - -4) - (-3 + 1)
8
Evaluate 8 - (14 + -8 + -5 - -1).
6
What is the value of 5 + -11 + -6 - -5?
-7
Evaluate 4 + 0 - (1 - -1).
2
What is the value of (0 - 1) + (4 - 1)?
2
(-6 + 3 - -2) + (-4 - -1)
-4
What is -4 + 8 + -8 + -5 + 7?
-2
What is the value of (6 - 1) + -4 + 7 + -16?
-8
Evaluate -15 + 17 + (1 - (0 - 3)).
6
Evaluate 0 - (-6 - -2) - 1 - -6.
9
Evaluate 3 + (-5 - -3 - -3) + -1.
3
What is -4 + -2 + 14 + -11?
-3
What is -2 + (1 + 2 - (-1 + 2))?
0
What is -1 + 4 + (8 - 10)?
1
What is (1 - 9 - (36 + -46)) + -8?
-6
What is the value of 0 - (0 + -3 + 7 + -3)?
-1
Evaluate 2 + 1 + 1 - (-11 - -17).
-2
0 + 1 - -2 - (-76 + 73)
6
Calculate -2 + (-6 - 1 - -4).
-5
Evaluate -4 + (7 - (4 + -6)).
5
What is (-4 - -7) + (-3 - -1) + 4?
5
What is the value of -19 - -4 - (2 + -14 - -5)?
-8
What is the value of 2 + -4 + (-2 - (-11 + 7))?
0
Evaluate 0 - (12 - (1 - -13)).
2
11 - 7 - (0 - 1)
5
Calculate (-6 - -11) + (-2 - 1) + -9.
-7
What is -3 + (-10 - (-9 - 1))?
-3
What is (-16 - -14) + (-1 - -4)?
1
Evaluate (-2 - 4) + (2 - -3) + -5.
-6
Calculate 2 + 1 - ((10 - 11) + 2).
2
What is the value of (-1 - 1) + -3 - -2?
-3
What is the value of -3 + -3 + (0 - -4) + 5?
3
What is the value of 3 + (-4 - -2 - 2)?
-1
-8 - (-11 - -6) - -3
0
14 + -11 + (-9 - -1) + 1
-4
What is (9 + -2 + -1 - 11) + 1?
-4
-6 + 12 + 2 + -14
-6
What is -3 - (9 + -5 + (-3 - -1))?
-5
What is (1 + 0 - 3) + -3?
-5
What is (15 - 2) + 23 + -30?
6
Calculate 8 - 0 - (11 + 6 + -13).
4
Calculate -1 + (5 + (7 - 7) - 3).
1
Calculate (2 - 3 - -1) + -2.
-2
Calculate (-1 - -2) + (2 - 3 - 0).
0
What is 4 + -5 + (3 - -1)?
3
What is -7 + 1 - (5 + -6)?
-5
What is -8 - ((3 - 15) + 7)?
-3
What is 3 + 4 - 3 - 8?
-4
Evaluate -3 + (2 - 1) + 33 + -36.
-5
What is 6 - (-3 - -3 - -4)?
2
What is the value of -8 + -1 + 1 - -4?
-4
11 + -1 - (21 - 17)
6
Evaluate 6 + -6 + -7 - 4 - -2.
-9
Evaluate (-1 - (-17 + 12)) + -2 + 2.
4
Evaluate 1 - (-4 + (0 - -4)).
1
What is -7 - (-3 - 1 - 1)?
-2
(-10 - (-12 - -5)) + (5 - 1)
1
Calculate -9 + (-8 - -9) - -10.
2
Calculate 0 - (-3 - -11) - (-1 - 6).
-1
15 + -12 + (0 - 0) + 2
5
What is -8 - ((11 - 31) + 14)?
-2
What is -46 + 49 + 3 + -11?
-5
What is -7 + 1 + -1 + 2?
-5
Calculate -6 + 11 + -2 + -2.
1
Evaluate 8 - (6 + (0 - -2 - -7)).
-7
5 - -1 - (19 - 16)
3
What is the value of (110 - 108) + (2 - 2 - 3)?
-1
Evaluate -6 + (-1 - -3) - (0 - 1).
-3
32 + -29 - (-2 + 1 - -4)
0
What is the value of -4 + (-6 - -14 - -2)?
6
Calculate -4 + 3 - -3 - 1 - 5.
-4
Calculate 2 + (0 - (1 + -4)).
5
What is 0 + 13 - (11 - (17 - 10))?
9
What is -12 - (-1 - (-2 + 8))?
-5
-2 + 15 + -1 + (-51 - -47)
8
Calculate (-3 - (-9 - -5) - 4) + -4.
-7
What is the value of 1 + -4 - (-16 + (17 - 5))?
1
What is the value of -2 - (-3 + 8) - -7?
0
What is -4 + (4 + 6 - 2)?
4
Evaluate -25 + (-13 - -27) - -8.
-3
What is 6 + (8 - 5 - 6 - 5)?
-2
Evaluate 9 + -6 + -8 + 4 + 6.
5
11 - (3 + (-6 - -8))
6
Calculate -2 + 5 + -2 + -4 + -1.
-4
What is the value of 1 + -2 - (-20 - -15)?
4
Calculate 0 + -3 + (9 - 3).
3
5 - (-7 + 1 - (2 + -9))
4
What is the value of -1 + (6 - 2) - 8?
-5
What is -2 + (-1 - 4) + (-4 - -8)?
-3
What is the value of 2 + -9 + -15 + 21?
-1
What is (-6 - -2) + 6 + 3 - -6?
11
Evaluate 1 - (4 + (-5 - (2 + 0))).
4
Evaluate 1 + 7 - (-206 + 218).
-4
Evaluate -4 - 0 - (-12 - -12).
-4
What is the value of (-1 - (3 - 0)) + 2 + -8?
-10
Calculate 4 + 5 + -6 + 1 + -5.
-1
Calculate (-2 - 1 - 0) + (-8 - -10).
-1
What is 0 - -17 - (-1 - -10)?
8
0 + 8 + -5 - (3 - 0)
0
Evaluate (11 - 8) + -1 + 1 + 0.
3
Evaluate (-1 - ((-8 - -3) + 1)) + -2.
1
Calculate (13 - 16) + 2 + 1 + -3.
-3
Calculate 6 + (4 - 6) + 0 + 4.
8
What is the value of -2 + -1 + 4 + 82 + -86?
-3
9 + -9 + -10 - -8
-2
14 - 9 - (2 + -1)
4
What is (-7 - (-4 + 4 + -2)) + 8?
3
What is the value of (2 - -2) + -2 + -1?
1
Calculate 20 + (4 - 5) + -11.
8
Evaluate -3 + (5 - -3) + -4 + 3.
4
Calculate 7 - (7 + (5 - 7 - 2)).
4
Calculate 2 - (3 + -2) - (39 - 39).
1
What is -2 - (4 - 4 - -2)?
-4
What is the value of 2 - (0 + -1) - 5?
-2
Evaluate 6 - (-5 - (-5 - 6)).
0
Calculate -2 + 4 + -1 + -1 + 3.
3
What is -10 + (-13 - (-11 + -14))?
2
Evaluate 6 - ((1 - (5 + -9)) + -1).
2
Calculate -6 - (-7 - -1) - (-1 + 1).
0
Calculate -7 + 8 + 3 + -7 + 2.
-1
-15 + 40 - 20 - (-2 + 7)
0
What is -3 + (7 + 3 - 3)?
4
Calculate 0 - (8 + -15 - (5 + -20)).
-8
What is the value of 5 + (-11 - -2) + 5?
1
(-3 - 2) + 7 + -2 - -4
4
What is the value of (0 - -5) + (-33 - -25)?
-3
What is the value of -24 + 7 + -1 + 10?
-8
Evaluate (3 - 0 - -1) + 0.
4
What is the value of -4 + 1 + (3 - (-2 + 2))?
0
Evaluate (3 - (-5 + 7)) + -5.
-4
What is the value of 1 - 4 - -7 - 3?
1
What is -94 + 89 + 0 + -2?
-7
Evaluate 8 + (12 - 18) + -5.
-3
Calculate (-10 - (2 - 20)) + -3.
5
What is the value of 0 - (1 - -9) - (-28 + 25)?
-7
Calculate -6 - (-3 - (-2 + -2 - -3)).
-4
(9 - (17 + -8)) + -5
-5
Calculate (-4 - (-3 - -1)) + (-13 - -10).
-5
-1 - (-5 - (-9 + 4))
-1
Calculate -9 + 6 + -2 + 9 - 6.
-2
-5 + 0 + -1 + 2 + 2
-2
What is the value of 3 - (2 - -7 - 6)?
0
Evaluate -3 - (-2 - -1) - -3.
1
-2 - -2 - 1 - -6
5
Evaluate (1 - -1) + -5 + 6 + -3.
0
(-17 - -13) + 8 + 1
5
16 - 0 - (-44 - -53)
7
What is (-3 - -2) + 2 - (6 - 1)?
-4
What is -3 + -1 + 2 + -4 + 11?
5
What is the value of -15 + -1 - -5 - (-7 + 3)?
-7
What is (2 - (0 - 1)) + (37 - 44)?
-4
(-3 - -2 - (-5 - -3)) + -2
-1
-3 + (-2 - (-1 - (-2 - -1)))
-5
What is the value of (11 - 9) + (8 + -6 - 6)?
-2
What is the value of (2 - 1) + (1 - 0 - 3)?
-1
Evaluate 1 - (3 - (10 + -7 + -1)).
0
What is 8 - ((-6 - -3) + 9)?
2
3 + (0 - -7 - 5)
5
What is 121 - 126 - (-10 - 2)?
7
Evaluate 2 - (-2 + 0) - (0 - -1).
3
Evaluate (-3 - (2 + -3)) + 0 - 3.
-5
What is the value of 13 + -10 + (-2 - 2)?
-1
Evaluate 8 + -1 + (75 - 78).
4
(1 - -4) + -17 + -8 + 17
-3
Evaluate 4 + 1 - ((14 - 3) + -6).
0
Calculate 10 + -2 + 0 + -6.
2
24 - 23 - ((2 - 3) + 2)
0
What is 50 + -55 + 8 + 0?
3
Evaluate -5 - ((5 - 6) + 2 - 1).
-5
4 + (-7 - -7) - (1 + 0)
3
What is 0 + 4 + 3 + -1 - 10?
-4
4 + -1 - (6 + -7)
4
(-7 - -3) + -2 + -1 + 7
0
Calculate -1 - (-8 + 3 + 1).
3
14 - 13 - (0 + 6) - -7
2
1 + 4 + 3 - 4
4
What is the value of -26 - -20 - (0 - 6)?
0
Calculate (2 - (-3 + -2)) + -3.
4
Evaluate -1 + 1 + 0 + 6 + -4.
2
What is the value of 5 - -7 - (11 - 4)?
5
(-5 - -2) + (-2 - (-9 - -6))
-2
Evaluate -1 + (-15 - -4) + 8.
-4
Calculate -36 - -44 - (4 - 0).
4
What is the value of 3 - (-1 + -2 - -1)?
5
What is 5 + 2 - 1 - 3?
3
What is the value of 64 + -56 + (-2 - 0 - 1)?
5
-4 - (1 - 10 - 0)
5
Calculate (42 - 57) + -5 + 2 + 7.
-11
6 + -10 - (1 + -4)
-1
-4 + (51 + -57 - (-6 + -2))
-2
Calculate (1 - -3) + (0 - (-7 + 7)).
4
What is the value of -16 + 15 + (-4 - -1)?
-4
What is the value of -3 + 9 + 3 - 10?
-1
6 + -5 + -11 + 7 + 4
1
What is -11 + 7 + 0 + -4 + 11?
3
Calculate -8 - (-6 - 5) - -5.
8
Calculate -17 + 11 - (-6 - 3).
3
Calculate 3 - 1 - (7 + -6 - 1).
2
What is (14 - (8 - -2)) + -1 + 1?
4
What is 9 + -1 + (-5 - -4)?
7
What is the value of -3 + -3 - -1 - (1 + -3)?
-3
Evaluate 2 + (0 - (-3 + 5)) - 2.
-2
What is -20 + 12 + (-1 - -5)?
-4
Evaluate 5 - (7 - 0) - -3.
1
What is the value of (-7 - -2 - -4) + 6?
5
What is (3 - -3) + (6 - 17)?
-5
What is the value of (5 - 2) + -6 + -2?
-5
What is the value of 1 + -2 + -4 + (1 - -4)?
0
Evaluate -19 + -2 + 2 + 11.
-8
What is the value of 1 + 5 + -8 + 3?
1
Calculate -4 - (-5 + 2 + (-4 - -11)).
-8
Calculate -4 - (-11 - (-8 - -4) - 0).
3
Calculate 2 + -6 + 5 + (3 - 7).
-3
What is the value of -5 - (-6 + 4) - -3?
0
What is the value of (4 - 6) + 0 + 3?
1
What is -1 + (-12 - -7) + 0 + 14?
8
-2 + 3 + 1 + 0
2
Calculate 4 + 1 + 4 - 5.
4
-4 + (0 + 1 - (7 - 7))
-3
Calculate 4 + 2 + -2 + -2.
2
Calculate (10 - 3 - (0 - -2)) + -4.
1
Evaluate (-2 - -8) + 0 - 2.
4
What is -3 - -1 - (-6 + 3)?
1
What is the value of -48 + 40 - (-1 + -6)?
-1
What is -1 - (6 - 1 - 7)?
1
What is -26 + 16 + (1 - (0 + -5))?
-4
What is the value of (-20 - -12) + 2 + 1?
-5
What is the value of -4 - -12 - (14 - 13)?
7
What is the value of 14 + -15 - (1 - 5)?
3
What is the value of -2 + (5 + -4 - (-2 - -2))?
-1
Calculate 2 - (-3 - (-1 + (3 - 4))).
3
Evaluate 1 - 7 - -7 - (-2 - -1).
2
Calculate (-1 - (5 + -4)) + (8 - 3).
3
(